lse
Does 99 divide 8036950?
False
Is 4341608859 a multiple of 11006?
False
Is 1400 a factor of 19513200?
True
Is 119 a factor of 210692980?
False
Is 984992 a multiple of 5?
False
Does 446 divide 856777881?
False
Does 22 divide 25758612?
True
Is 142403315 a multiple of 10?
False
Is 99442240 a multiple of 160?
True
Is 352520218 a multiple of 4?
False
Is 37610486 a multiple of 130?
False
Does 238 divide 649104064?
True
Is 28295890 a multiple of 10?
True
Does 14 divide 55664210?
True
Does 631 divide 58553645?
True
Does 36 divide 31510944?
True
Does 10 divide 27693450?
True
Is 1282 a factor of 1011363390?
True
Is 98437580 a multiple of 27?
False
Is 85 a factor of 2013136522?
False
Is 343 a factor of 181888784?
True
Does 4179 divide 1000974273?
False
Does 24 divide 36684583?
False
Is 1949633822 a multiple of 89?
True
Does 718 divide 29181689?
False
Does 940 divide 158902300?
True
Is 2255060250 a multiple of 9650?
True
Is 15807010 a multiple of 347?
False
Does 127 divide 48840517?
True
Does 2288 divide 17483489?
False
Is 1380549 a multiple of 15?
False
Is 94534860 a multiple of 3290?
True
Is 2093 a factor of 73443370?
True
Does 180 divide 34330680?
True
Is 1867 a factor of 20978349?
False
Does 162 divide 2595606516?
False
Does 5 divide 29041718?
False
Is 469448192 a multiple of 976?
True
Does 5 divide 112270918?
False
Is 15506866 a multiple of 138?
False
Is 48741683 a multiple of 1657?
False
Does 24 divide 155893674?
False
Does 18 divide 678763080?
True
Is 154930925 a multiple of 9?
False
Is 281546370 a multiple of 1634?
True
Is 28248261 a multiple of 111?
False
Is 157 a factor of 284070148?
True
Does 15 divide 1625367975?
True
Does 3 divide 1258761?
True
Is 284653413 a multiple of 1917?
True
Does 965 divide 98735905?
True
Is 32 a factor of 1401199200?
True
Is 171 a factor of 15628810?
False
Is 100428328 a multiple of 88?
True
Is 2512971354 a multiple of 13?
False
Is 94632231 a multiple of 38?
False
Is 815270125 a multiple of 395?
True
Is 141 a factor of 1442815243?
False
Does 41 divide 22207830?
False
Is 487571873 a multiple of 706?
False
Is 1607836746 a multiple of 287?
False
Is 1635971559 a multiple of 31?
False
Is 85 a factor of 5245265?
True
Does 43 divide 37339609?
True
Is 2114 a factor of 428002554?
True
Is 133603520 a multiple of 64?
True
Does 185 divide 28872035?
False
Does 169 divide 68552389?
False
Does 32 divide 192952480?
True
Is 13940 a multiple of 147?
False
Is 60 a factor of 104014500?
True
Does 90 divide 420247800?
True
Is 331748030 a multiple of 8?
False
Does 276 divide 356125688?
False
Does 171 divide 112229181?
True
Is 14 a factor of 20262986?
False
Does 248 divide 492203120?
True
Does 85 divide 163225500?
True
Is 6 a factor of 2477809284?
True
Does 68 divide 56987128?
True
Is 33332992 a multiple of 418?
True
Does 50 divide 975765643?
False
Is 38625090 a multiple of 2859?
True
Does 2642 divide 37252200?
True
Does 955 divide 334252865?
True
Does 4975 divide 5597166601?
False
Does 1361 divide 79752675?
False
Is 4735211 a multiple of 30?
False
Is 19 a factor of 1449005347?
False
Does 256 divide 4305408?
True
Does 223 divide 30093850?
True
Does 490 divide 154547583?
False
Is 11 a factor of 374099671?
True
Is 1265 a factor of 34129700?
True
Is 6 a factor of 1965085157?
False
Is 453744834 a multiple of 2942?
False
Is 24 a factor of 437627493?
False
Is 90255331 a multiple of 36?
False
Does 22 divide 470629588?
True
Does 2278 divide 99157829?
False
Does 2167 divide 196635747?
True
Is 142492414 a multiple of 80?
False
Is 150 a factor of 188228806?
False
Does 183 divide 175094089?
False
Does 42 divide 1154041991?
False
Is 84344466 a multiple of 37?
False
Is 429 a factor of 520335?
False
Is 116 a factor of 403162839?
False
Does 81 divide 75833982?
True
Does 16 divide 157291268?
False
Is 766 a factor of 358789804?
True
Is 52094422 a multiple of 1400?
False
Does 15 divide 92533253?
False
Is 22 a factor of 4029937?
False
Is 34252440 a multiple of 53?
False
Is 1973 a factor of 138050810?
True
Does 1060 divide 815204660?
True
Does 91 divide 194285273?
True
Does 7 divide 814634372?
False
Is 78243060 a multiple of 777?
False
Is 2460933000 a multiple of 129?
True
Does 11 divide 1212539240?
True
Is 253 a factor of 434462862?
False
Does 11 divide 4361417148?
True
Is 912985684 a multiple of 21?
False
Is 3 a factor of 27333467?
False
Is 242 a factor of 191901644?
True
Does 857 divide 62294473?
True
Is 489914061 a multiple of 23?
False
Is 329 a factor of 259782677?
True
Is 92296648 a multiple of 74?
True
Is 504620480 a multiple of 1505?
True
Is 3865684023 a multiple of 5331?
True
Is 58339956 a multiple of 76?
True
Is 89889716 a multiple of 456?
False
Is 4 a factor of 9267308?
True
Is 761476317 a multiple of 448?
False
Does 32 divide 6215824?
False
Is 86 a factor of 276768279?
False
Is 41 a factor of 58327935?
False
Is 4 a factor of 512823760?
True
Is 3 a factor of 138738272?
False
Is 1130726108 a multiple of 73?
False
Is 86 a factor of 5965820?
True
Does 45 divide 15703792?
False
Does 226 divide 432629314?
True
Does 494 divide 14743498?
False
Is 2594140224 a multiple of 7904?
True
Does 1240 divide 59076620?
False
Does 217 divide 470576193?
False
Is 18767720 a multiple of 20?
True
Is 1100 a factor of 581949676?
False
Is 24 a factor of 370445187?
False
Does 106 divide 164351787?
False
Is 65237319 a multiple of 52?
False
Does 280 divide 11456760?
True
Is 101990116 a multiple of 33?
False
Is 133 a factor of 108651557?
True
Is 343 a factor of 112947842?
True
Is 1608551350 a multiple of 511?
True
Is 36568367 a multiple of 253?
True
Does 30 divide 2349253200?
True
Is 832144326 a multiple of 39?
True
Is 350712621 a multiple of 19?
True
Does 258 divide 7796760?
True
Does 584 divide 1584345280?
True
Does 3716 divide 200236660?
True
Is 15 a factor of 124099830?
True
Is 2351 a factor of 875289955?
False
Is 30738440 a multiple of 20?
True
Does 318 divide 34719355?
False
Does 1323 divide 92455650?
False
Is 48610320 a multiple of 20?
True
Is 79 a factor of 1424050938?
False
Does 581 divide 48398061?
False
Is 10904434 a multiple of 9?
False
Does 4 divide 65400246?
False
Does 17 divide 34967903?
False
Is 2520053116 a multiple of 217?
True
Is 12 a factor of 55992306?
False
Is 1891628960 a multiple of 54?
False
Does 675 divide 31805471?
False
Is 2892034 a multiple of 202?
True
Is 62497853 a multiple of 5?
False
Is 2742308072 a multiple of 292?
True
Is 30 a factor of 203963124?
False
Does 257 divide 306501071?
False
Is 21 a factor of 861837858?
True
Is 764 a factor of 628065300?
True
Is 4 a factor of 5689836?
True
Is 14399144 a multiple of 3607?
True
Is 5 a factor of 228677627?
False
Is 689296 a multiple of 363?
False
Does 9 divide 8011251?
True
Is 343 a factor of 80222898?
True
Does 42 divide 4245579702?
True
Does 31 divide 297709720?
False
Is 18 a factor of 4833851996?
False
Is 243589907 a multiple of 3?
False
Does 6 divide 738835836?
True
Does 1361 divide 819824692?
False
Is 33 a factor of 296721265?
False
Is 8 a factor of 88436200?
True
Does 259 divide 502189341?
False
Is 8517304 a multiple of 2?
True
Is 585250767 a multiple of 109?
False
Is 2553 a factor of 1119533434?
False
Is 22517460 a multiple of 28?
True
Does 10 divide 7019278?
False
Is 1411 a factor of 191568648?
True
Is 2829200 a multiple of 176?
True
Does 98 divide 6877643?
False
Is 78 a factor of 4091704?
False
Is 25459755 a multiple of 3?
True
Is 6 a factor of 1584300?
True
Does 4 divide 4653144?
True
Is 89 a factor of 331852253?
True
Is 219 a factor of 35235567?
True
Is 26 a factor of 60701374?
False
Does 310 divide 100085658?
False
Is 559002119 a multiple of 1276?
False
Does 10 divide 297700042?
False
Is 4022 a factor of 484219816?
False
Is 5765157 a multiple of 79?
False
Is 888211182 a multiple of 325?
False
Does 99 divide 255190914?
True
Does 25 divide 258741650?
True
Is 162680907 a multiple of 2337?
True
Is 31 a factor of 1039957?
True
Is 176689280 a multiple of 20?
True
Is 574 a factor of 166476646?
True
Is 20166856 a multiple of 73?
False
Is 1785873725 a multiple of 1163?
True
Does 347 divide 41045642?
False
Is 36 a factor of 10112977?
False
Is 14313869 a multiple of 1940?
False
Is 9 a factor of 26300226?
False
Does 22 divide 91410181?
False
Is 28728003 a multiple of 751?
True
Does 18 divide 36980